{"id":26,"date":"2020-09-08T22:27:36","date_gmt":"2020-09-08T20:27:36","guid":{"rendered":"http:\/\/trompettes-versailles.org\/?page_id=26"},"modified":"2025-02-03T18:57:52","modified_gmt":"2025-02-03T17:57:52","slug":"historique","status":"publish","type":"page","link":"http:\/\/trompettes-versailles.org\/index.php\/historique\/","title":{"rendered":"Historique"},"content":{"rendered":"\n<p>Fond\u00e9 en 1985, par les trompettistes Patrick Marmande, Serge Rougegrez et Georges Bessonnet organiste,&nbsp;avec l\u2019id\u00e9e d\u2019apporter une vision originale de la musique baroque fran\u00e7aise, l\u2019ensemble \u00ab&nbsp;les Trompettes de Versailles&nbsp;\u00bb a largement plus d\u2019un millier de concerts \u00e0 son actif.&nbsp;<\/p>\n\n\n\n<p>Apr\u00e8s leur premier concert qui eut lieu \u00e0 la Coll\u00e9giale Saint Martin de Colmar en Ao\u00fbt 1985,&nbsp;s\u2019en suivirent de nombreux autres \u00e0 Paris, notamment \u00e0 la Sainte Chapelle, en l\u2019\u00e9glise Saint Julien le Pauvre, et dans de grandes \u00e9glises parisiennes (Notre Dame, La Madeleine, Saint Eustache, Saint S\u00e9verin, Saint Germain des Pr\u00e9s, Saint Louis en l\u2019Isle\u2026).<\/p>\n\n\n\n<div class=\"wp-block-image is-style-default\"><figure class=\"alignleft size-large\"><img loading=\"lazy\" width=\"890\" height=\"570\" src=\"http:\/\/trompettes-versailles.org\/wp-content\/uploads\/2020\/10\/st-julien.jpg\" alt=\"\" class=\"wp-image-279\" srcset=\"http:\/\/trompettes-versailles.org\/wp-content\/uploads\/2020\/10\/st-julien.jpg 890w, http:\/\/trompettes-versailles.org\/wp-content\/uploads\/2020\/10\/st-julien-300x192.jpg 300w, http:\/\/trompettes-versailles.org\/wp-content\/uploads\/2020\/10\/st-julien-768x492.jpg 768w, http:\/\/trompettes-versailles.org\/wp-content\/uploads\/2020\/10\/st-julien-422x270.jpg 422w\" sizes=\"(max-width: 890px) 100vw, 890px\" \/><figcaption>Patrick Marmande, Alain Fontes, trompettes<\/figcaption><\/figure><\/div>\n\n\n\n<figure class=\"wp-block-image size-large is-resized is-style-default\"><img loading=\"lazy\" src=\"http:\/\/trompettes-versailles.org\/wp-content\/uploads\/2020\/10\/stchapelle-1024x714.jpg\" alt=\"\" class=\"wp-image-277\" width=\"376\" height=\"262\" srcset=\"http:\/\/trompettes-versailles.org\/wp-content\/uploads\/2020\/10\/stchapelle-1024x714.jpg 1024w, http:\/\/trompettes-versailles.org\/wp-content\/uploads\/2020\/10\/stchapelle-300x209.jpg 300w, http:\/\/trompettes-versailles.org\/wp-content\/uploads\/2020\/10\/stchapelle-768x535.jpg 768w, http:\/\/trompettes-versailles.org\/wp-content\/uploads\/2020\/10\/stchapelle-387x270.jpg 387w, http:\/\/trompettes-versailles.org\/wp-content\/uploads\/2020\/10\/stchapelle.jpg 1133w\" sizes=\"(max-width: 376px) 100vw, 376px\" \/><figcaption>Patrick Marmande, Serge Rougegrez, trompettes<\/figcaption><\/figure>\n\n\n\n<p>Tr\u00e8s vite, le champ d\u2019action de la formation s\u2019\u00e9largit, et, si les concerts conduisent \u00ab&nbsp;les Trompettes de Versailles&nbsp;\u00bb dans la France enti\u00e8re, c\u2019est \u00e9galement par de nombreuses prestations \u00e0 l\u2019\u00e9tranger que l\u2019ensemble se fait conna\u00eetre en participant \u00e0 des festivals en Grande Bretagne, Belgique, Espagne, Portugal, Suisse, Gr\u00e8ce, Turquie\u2026, Chine, Philippines, Equateur\u2026<\/p>\n\n\n\n<p>Au fur et \u00e0 mesure, l\u2019ensemble s\u2019agrandit et se renouvelle par l\u2019arriv\u00e9e de nouveaux trompettistes (Alain Fontes, St\u00e9phane Vaillant, Fr\u00e9d\u00e9ric Presles, Nicolas Pardo..), et par l\u2019apport de timbales et autres percussions (Marie-Madeleine Landrieu).<\/p>\n\n\n\n<p>Enfin, le d\u00e9but des\u00a0ann\u00e9es 2000 vit la cr\u00e9ation d\u2019un ensemble plus important, \u00ab\u00a0les Symphonies Royales\u00a0\u00bb avec l\u2019ajout d\u2019un cor (Jean-Pierre Bouchard) et d\u2019un tuba (Philippe Porte), permettant l\u2019interpr\u00e9tation d\u2019un r\u00e9pertoire romantique et contemporain.<\/p>\n\n\n\n<p>Tout r\u00e9cemment, depuis Septembre 2024, ce sont Tha\u00efs JUDE et Lucas LIPARI qui tiennent les pupitres de trompette!<\/p>\n","protected":false},"excerpt":{"rendered":"<p>Fond\u00e9 en 1985, par les trompettistes Patrick Marmande, Serge Rougegrez et Georges Bessonnet organiste,&nbsp;avec l\u2019id\u00e9e d\u2019apporter une vision originale de la musique baroque fran\u00e7aise, l\u2019ensemble \u00ab&nbsp;les Trompettes de Versailles&nbsp;\u00bb a largement plus d\u2019un millier de concerts \u00e0 son actif.&nbsp; Apr\u00e8s leur premier concert qui eut lieu \u00e0 la Coll\u00e9giale Saint Martin de Colmar en Ao\u00fbt 1985,&nbsp;s\u2019en suivirent de nombreux autres \u00e0 Paris, notamment \u00e0 la Sainte Chapelle, en l\u2019\u00e9glise Saint Julien le Pauvre, et dans de grandes \u00e9glises parisiennes (Notre&#8230;<\/p>\n<p class=\"read-more\"><a class=\"btn btn-default\" href=\"http:\/\/trompettes-versailles.org\/index.php\/historique\/\"> Read More<span class=\"screen-reader-text\">  Read More<\/span><\/a><\/p>\n","protected":false},"author":1,"featured_media":0,"parent":0,"menu_order":0,"comment_status":"closed","ping_status":"closed","template":"","meta":[],"_links":{"self":[{"href":"http:\/\/trompettes-versailles.org\/index.php\/wp-json\/wp\/v2\/pages\/26"}],"collection":[{"href":"http:\/\/trompettes-versailles.org\/index.php\/wp-json\/wp\/v2\/pages"}],"about":[{"href":"http:\/\/trompettes-versailles.org\/index.php\/wp-json\/wp\/v2\/types\/page"}],"author":[{"embeddable":true,"href":"http:\/\/trompettes-versailles.org\/index.php\/wp-json\/wp\/v2\/users\/1"}],"replies":[{"embeddable":true,"href":"http:\/\/trompettes-versailles.org\/index.php\/wp-json\/wp\/v2\/comments?post=26"}],"version-history":[{"count":5,"href":"http:\/\/trompettes-versailles.org\/index.php\/wp-json\/wp\/v2\/pages\/26\/revisions"}],"predecessor-version":[{"id":856,"href":"http:\/\/trompettes-versailles.org\/index.php\/wp-json\/wp\/v2\/pages\/26\/revisions\/856"}],"wp:attachment":[{"href":"http:\/\/trompettes-versailles.org\/index.php\/wp-json\/wp\/v2\/media?parent=26"}],"curies":[{"name":"wp","href":"https:\/\/api.w.org\/{rel}","templated":true}]}}